
False
Let k(g) be the first derivative of 2*g**3/3 - 2*g**2 + 7*g + 3. Is k(7) a prime number?
False
Let c(k) = 2*k**2 - 4*k - 6. Let f be c(6). Suppose 2*a + 44 = 2*t - f, t + 145 = -3*a. Let r = a - -82. Is r composite?
True
Suppose -2*h = 3*t + 67, -2*t + 0 + 2 = 0. Let o be h/2 - 1/2. Let n = o - -31. Is n composite?
False
Suppose 0 = 8*x - 5*x - 339. Is x a composite number?
False
Suppose 0 = 5*p - 0 - 5. Let u(g) = p + 1 - 7*g + 6*g. Is u(-11) prime?
True
Let p(a) = 29*a + 1. Let l be p(1). Let z = -11 + 15. Let m = z + l. Is m composite?
True
Let b = 2 - 2. Suppose b*r = -4*r + 44. Suppose 8 + r = z. Is z composite?
False
Suppose -4*j = 3*v - 6*v + 289, 0 = -2*v + 4*j + 194. Let o = v - 60. Is o composite?
True
Suppose 0 = 5*j + 9 + 1. Let y(n) = -3*n**3 + n**2 + 2*n - 1. Is y(j) a prime number?
True
Let j(d) be the third derivative of d**6/120 + 13*d**5/60 + 5*d**4/24 + d**3/2 + 5*d**2. Is j(-12) prime?
False
Suppose 7762 - 2910 = 4*m. Is m prime?
True
Let s = 8 - -24. Suppose -2*l = -138 + s. Is l a prime number?
True
Suppose 2*n + 4*n - 1986 = 0. Is n a prime number?
True
Let r(c) = 29*c**2 + 4*c - 23. Is r(8) a prime number?
False
Let p(n) = 6*n. Let u(g) = -g - 3. Suppose 0 = -3*v - 8 - 4. Let y be u(v). Is p(y) composite?
True
Let g = -9 + 11. Is 4 + (g - (2 - 2)) a composite number?
True
Let f = 176 - 55. Is f prime?
False
Let z = -2 - -5. Suppose -2*i + z*i + 185 = 0. Let w = -132 - i. Is w a prime number?
True
Suppose 280 = 4*g - 228. Is g composite?
False
Suppose 2*y + 16 = -3*k + 6*y, -31 = 3*k - y. Let o = -9 - k. Is o a composite number?
False
Let w(l) = -250*l + 55. Is w(-6) prime?
False
Let o(a) = -3*a - 2. Let m be o(-2). Suppose -5*w + 4*u = -951, -m*w - 6*u + 769 = -u. Is w a composite number?
False
Let q(u) = -u + 1. Let p be q(5). Let x = -4 - p. Suppose x*t + 105 = 3*t. Is t a composite number?
True
Suppose 2*t - 694 = -256. Let b = t - 130. Is b composite?
False
Suppose -a - 2*s = 364, -6*a = -2*a - 2*s + 1456. Let h = a + 587. Is h composite?
False
Let y(s) = -2*s**3 - 7*s**2 - 3*s + 5. Let f be y(-4). Is (f/9)/((-1)/(-69)) composite?
True
Suppose o + 0*n - 35 = -5*n, -n - 4 = 0. Let u = -36 + o. Is u composite?
False
Let a(s) = -s**3 - s**2 - 3*s**2 - 3 + 0*s**2 - 7*s. Let g be a(-5). Suppose -5*f + 2*f + g = 0. Is f a prime number?
True
Suppose -10*c = -15*c + 9235. Is c a prime number?
True
Let v be -6*(0 + (-181)/3). Suppose -4*b - 4*o + v + 218 = 0, -o = 0. Is b a prime number?
False
Let w = -13 + 16. Suppose -350 = -g - w*s, g = 4*g - 3*s - 990. Is g a prime number?
False
Suppose 0 = 5*b - 3*b - 2. Is (-1 + 14)/1*b composite?
False
Let s(y) = 285638*y. Let z(w) = 253*w. Let a(i) = 2*s(i) - 2259*z(i). Is a(-1) a prime number?
True
Is (-14718)/(-21) + -1*1/(-7) prime?
True
Suppose 2*q - 2 = 2. Suppose q*r = -0*r + 116. Suppose r = 5*a - 3*a + 3*b, 3*a - b = 109. Is a prime?
False
Let z = 183 - 68. Suppose -z - 190 = -2*a - 3*r, -4*a = 2*r - 590. Is a composite?
True
Suppose 4*f = -0*f - 120. Let z = f + 18. Let w = 9 - z. Is w a prime number?
False
Let v(k) = -3*k. Let c be 1/((-1)/(-2 + 3)). Let q be v(c). Suppose 0 = 4*d + q*i - 61, -5*d - 2*i - 2*i + 75 = 0. Is d composite?
False
Let b(j) = -j**2 + 23*j + 15. Is b(16) prime?
True
Suppose -8*b = -3*b - 16255. Is b prime?
True
Suppose 3*y - 6 = 3. Suppose -y*h + 110 = -h. Is h a composite number?
True
Let u = 876 + -150. Let m = 1145 - u. Is m a composite number?
False
Is (799/(-85))/((-1)/5) a prime number?
True
Suppose 0 = -5*m - 4*i + 590, -m + 55 + 52 = 3*i. Is (-5 - -5) + m + -1 a prime number?
False
Let y be (-14)/6 - (-6)/(-9). Is 7/((-63)/30)*y a composite number?
True
Let s(x) = 2*x**2 + 10*x - 1. Is s(9) composite?
False
Suppose -5*w + 2574 = 589. Is w composite?
False
Suppose 0*p = -3*p + 465. Is p prime?
False
Suppose -3042 = -2*u + k, -3*k = -2*u - 7*k + 3062. Is u a prime number?
True
Let c(d) = 2*d**2 + 2*d + 2 + 0*d + 0*d**2 - 5. Let f be (-58)/(-8) + 1/(-4). Is c(f) a composite number?
False
Let u = 14 - 82. Is (-4)/(-20) - u/10 prime?
True
Let c(z) = 1 - z + z + 3*z + 3*z. Let o be c(-7). Let h = o - -190. Is h composite?
False
Suppose 24*y - 10188 = 6*y. Is y composite?
True
Let b be (-3 - (1 - 4))/1. Let q be 10/2 + -1 + b. Suppose -4*y - 4*m + 80 = 0, -q*y + 65 = y - 2*m. Is y a prime number?
False
Let i = 143 + -90. Suppose 4*o + 605 = i. Let m = -91 - o. Is m composite?
False
Let s = -8 - -10. Suppose 21 = s*i - 2*y - y, 2*i = -y + 9. Suppose d = i*d - 50. Is d prime?
False
Suppose -5*o + 4964 = 1449. Is o prime?
False
Let o = 6648 + -2815. Is o prime?
True
Suppose 3471 = 2*j + j + 5*c, -3*j + 4*c + 3471 = 0. Is j a composite number?
True
Let p(r) = r**3 + 6*r**2 + 3*r - 7. Let y be p(-5). Let z = 21 + -15. Suppose -5*o = 2*q - 429, -2*o + z*o - y*q - 334 = 0. Is o prime?
False
Let y(l) = 2*l - 1. Let f be y(3). Suppose -2 + f = -o. Is (5 + -2)*(-49)/o a prime number?
False
Suppose -4*r + 490 = 2*o, 3*o + 3*r - 1239 = -492. Is o prime?
False
Let m = 3 + 1. Let r(t) = -2 + t - 2*t - m*t - 7*t. Is r(-2) a composite number?
True
Let g be (-1 - 0)/((-1)/6). Suppose g*p - 246 = 3*p. Is p prime?
False
Let u(l) = -l**3 + 12*l**2 + 14*l - 11. Let k be u(13). Suppose -y + k*y = 413. Is y a prime number?
False
Suppose -a - 62 = -2*q - 4*a, -5*q = a - 155. Let l = 64 - q. Is l a prime number?
False
Let m = -19 - -27. Let a(o) = o**3 - 9*o**2 + 7*o + 6. Let x be a(m). Is (21/4)/(x/(-8)) a prime number?
False
Is (-2)/9 + 10456/72 a composite number?
True
Let p(h) = 3*h**2 - 22*h - 17. Is p(-14) prime?
False
Let r(i) = 6*i + 2. Let a be r(-2). Let o be (648/a)/((-12)/40). Let d = o + -137. Is d composite?
False
Let y(s) = 9*s - 3. Let f be y(3). Let q = f + -3. Is q prime?
False
Let i(s) = s**3 + 14*s**2 - 3*s + 11. Is i(-14) a prime number?
True
Let z(t) = -t + 1. Let r be z(-7). Is (r - 4)*(-230)/(-8) a composite number?
True
Let o(b) = b - 1. Let w be o(2). Let k be 10*((-25)/10 + 2). Let i = w - k. Is i a composite number?
True
Suppose 0*w + 2*w = 26. Suppose w = 2*z + 5*j, 2*z - 2*j = 28 + 20. Is z composite?
False
Let i(j) = j**2 - j - 2. Let p(w) = w**2 - w - 1. Let v(c) = -2*i(c) + 3*p(c). Suppose 0 = -2*t - 2*t + 16. Is v(t) composite?
False
Suppose 3*o - 125 = -2*c - 38, 0 = 2*c + 2*o - 88. Let j = 8 - 6. Suppose 3*h = -j*h + c. Is h prime?
False
Suppose -z = 3*r + 19, -2*z - 5*r + 9 - 43 = 0. Let d = z - -7. Suppose d = -5*n - 15, -2*q - q = -2*n - 69. Is q a composite number?
True
Suppose 0 = 23*y - 19*y - 376. Is y composite?
True
Suppose 5*v + 26 = -0*n + 2*n, 2*n + v = 2. Let u(m) be the second derivative of 9*m**3 + m**2/2 - m. Is u(n) prime?
True
Let g(s) = -7*s**2 - 3*s + 1. Let k(q) = q**3 - q**2 - q. Let w(x) = -g(x) + 6*k(x). Let m be w(-2). Let p = m + 82. Is p prime?
True
Let t = -590 + 1219. Is t composite?
True
Suppose -17*m + 6839 = -10*m. Is m prime?
True
Let d = -903 + 2638. Is d a composite number?
True
Suppose -3*y + 105 = -96. Suppose -2*t - 3*q = -y, 3*t - 4*q - 24 = 51. Suppose -r + b + 5 = -t, b = 1. Is r a prime number?
False
Let f(x) = 6*x - 8. Is f(7) a prime number?
False
Is 64/(-160)*1039*(-10)/4 a prime number?
True
Let x(v) be the first derivative of v**2/2 + 7*v - 3. Is x(6) a composite number?
False
Let b be 2/(-7) - 69/(-21). Suppose -455 = -2*g - b*g. Let r = g - 40. Is r a prime number?
False
Suppose 5*y - 22 = 3*y. Let q(o) = o - 9. Let v be q(y). Suppose -v*s + s = -11. Is s a prime number?
True
Let z be (-3922)/(-7) - 2/7. Suppose -5*l + x + z = 0, -448 = -4*l - 0*l - 3*x. Is 1/(l/37 - 3) prime?
True
Let t = 3 - 7. Let k(p) = 1 + 0*p + 6*p + 12*p**2 + p**2. Is k(t) a prime number?
False
Let w = 151 - -82. Is w a composite number?
False
Let q(v) = v + 4*v + 3*v**2 - v - 9. Let j be q(6). Suppose 3*s = -7*r + 3*r + 136, -3*s = -3*r + j. Is r composite?
False
Suppose -25 = -y + 5*x, y + 0 = 2*x + 10. Suppose 0 = -y*m - 4*m. Suppose 3*p - 6 = m, 2*p - 69 = t - 214. Is t composite?
False
Let j(v) = -6 - 2*v**2 + 10 + 2*v**2 + v**2 - v. Is j(-5) a prime number?
False
Let s(n) = 38*n**3 + 2*n**2 - 3*n + 1. Is s(2) prime?
True
Let v be (-1)/(-2)*1*2. Let c be 0/(2/(-2) - v). Suppose -j = -c*j - 39. Is j a prime number?
False
Let s(m) = 14*m**3 + m**2 - 1. Let v(p) = -p**3 + 4*p**2 + 2. Let z be v(4). Is 